{"id":6,"date":"2013-08-27T16:46:11","date_gmt":"2013-08-27T16:46:11","guid":{"rendered":"http:\/\/agrovivienda.com\/esp\/?page_id=6"},"modified":"2020-11-03T15:29:40","modified_gmt":"2020-11-03T15:29:40","slug":"nosotros","status":"publish","type":"page","link":"http:\/\/agrovivienda.com\/esp\/nosotros\/","title":{"rendered":"Nosotros"},"content":{"rendered":"<p><strong>AGRO-VIVIENDA ECUADOR<\/strong> es una compa\u00f1\u00eda &nbsp;cuyo objetivo es presentar soluciones de h\u00e1bitat a las familias interesadas en un aislamiento total protegiendo su entorno familiar; en un ambiente rural con cercan\u00eda a concentraciones urbanas, con todos los servicios, en armon\u00eda con la naturaleza y el medio ambiente, con el potencial de micro-producci\u00f3n agr\u00edcola sostenible y sustentable para vivir bien en la &nbsp;provincia de Santa Elena, Ecuador.Tener tu huerto propio, te prepara para el futuro y el de tu familia.<\/p>\n<p><strong>Gestion <\/strong><\/p>\n<p>Es una lotizaci\u00f3n cerrada compuesta de unidades integradas de viviendas no adosadas y huertos familiares, mediante la implementaci\u00f3n de los conceptos de desarrollo sustentable y del buen vivir, a efectos de aprovechar y fomentar la actividad agr\u00edcola de ciclo corto de la Pen\u00ednsula de Santa Elena, proveer a tu entorno familiar, por medio de la cual los propietarios de cada vivienda, siembran diversos productos agr\u00edcolas en el huerto anexo a cada villa de concreto, a efectos de que con la comercializaci\u00f3n de dichos productos, se pague el valor de la hipoteca por la compra del terreno y la vivienda, y adem\u00e1s sirva de sustento a la familia. Ideal para los tiempos que estamos viviendo. Proteger a tus seres queridos.<\/p>\n","protected":false},"excerpt":{"rendered":"<p>AGRO-VIVIENDA ECUADOR es una compa\u00f1\u00eda &nbsp;cuyo objetivo es presentar soluciones de h\u00e1bitat a las familias interesadas en un aislamiento total protegiendo su entorno familiar; en un ambiente rural con cercan\u00eda a concentraciones urbanas, con todos los servicios, en armon\u00eda con la naturaleza y el medio ambiente, con el potencial de micro-producci\u00f3n agr\u00edcola sostenible y sustentable para vivir bien en la &nbsp;provincia de Santa Elena, Ecuador.Tener tu huerto propio, te prepara para el futuro y el de tu familia. Gestion Es una lotizaci\u00f3n cerrada compuesta de unidades integradas de viviendas no adosadas y huertos familiares, mediante la implementaci\u00f3n de los conceptos&nbsp;<a href=\"http:\/\/agrovivienda.com\/esp\/nosotros\/\" class=\"read-more\">Continue Reading<\/a><\/p>\n","protected":false},"author":1,"featured_media":0,"parent":0,"menu_order":0,"comment_status":"closed","ping_status":"closed","template":"","meta":{"ngg_post_thumbnail":0},"yoast_head":"<!-- This site is optimized with the Yoast SEO plugin v15.2 - https:\/\/yoast.com\/wordpress\/plugins\/seo\/ -->\n<meta name=\"description\" content=\"Nosotros somos una compania inmobiliaria ofreciendo una comunidad de viviendas no adosadas y huertos para el desarrollo sustentable y del buen vivir.\" \/>\n<meta name=\"robots\" content=\"index, follow, max-snippet:-1, max-image-preview:large, max-video-preview:-1\" \/>\n<link rel=\"canonical\" href=\"http:\/\/agrovivienda.com\/esp\/nosotros\/\" \/>\n<meta property=\"og:locale\" content=\"en_US\" \/>\n<meta property=\"og:type\" content=\"article\" \/>\n<meta property=\"og:title\" content=\"Nosotros - AgroVivienda\" \/>\n<meta property=\"og:description\" content=\"Nosotros somos una compania inmobiliaria ofreciendo una comunidad de viviendas no adosadas y huertos para el desarrollo sustentable y del buen vivir.\" \/>\n<meta property=\"og:url\" content=\"http:\/\/agrovivienda.com\/esp\/nosotros\/\" \/>\n<meta property=\"og:site_name\" content=\"AgroVivienda\" \/>\n<meta property=\"article:modified_time\" content=\"2020-11-03T15:29:40+00:00\" \/>\n<meta name=\"twitter:label1\" value=\"Written by\">\n\t<meta name=\"twitter:data1\" value=\"admin\">\n\t<meta name=\"twitter:label2\" value=\"Est. reading time\">\n\t<meta name=\"twitter:data2\" value=\"1 minute\">\n<script type=\"application\/ld+json\" class=\"yoast-schema-graph\">{\"@context\":\"https:\/\/schema.org\",\"@graph\":[{\"@type\":\"WebSite\",\"@id\":\"http:\/\/agrovivienda.com\/esp\/#website\",\"url\":\"http:\/\/agrovivienda.com\/esp\/\",\"name\":\"AgroVivienda\",\"description\":\"\",\"potentialAction\":[{\"@type\":\"SearchAction\",\"target\":\"http:\/\/agrovivienda.com\/esp\/?s={search_term_string}\",\"query-input\":\"required name=search_term_string\"}],\"inLanguage\":\"en-US\"},{\"@type\":\"WebPage\",\"@id\":\"http:\/\/agrovivienda.com\/esp\/nosotros\/#webpage\",\"url\":\"http:\/\/agrovivienda.com\/esp\/nosotros\/\",\"name\":\"Nosotros - AgroVivienda\",\"isPartOf\":{\"@id\":\"http:\/\/agrovivienda.com\/esp\/#website\"},\"datePublished\":\"2013-08-27T16:46:11+00:00\",\"dateModified\":\"2020-11-03T15:29:40+00:00\",\"description\":\"Nosotros somos una compania inmobiliaria ofreciendo una comunidad de viviendas no adosadas y huertos para el desarrollo sustentable y del buen vivir.\",\"inLanguage\":\"en-US\",\"potentialAction\":[{\"@type\":\"ReadAction\",\"target\":[\"http:\/\/agrovivienda.com\/esp\/nosotros\/\"]}]}]}<\/script>\n<!-- \/ Yoast SEO plugin. -->","_links":{"self":[{"href":"http:\/\/agrovivienda.com\/esp\/wp-json\/wp\/v2\/pages\/6"}],"collection":[{"href":"http:\/\/agrovivienda.com\/esp\/wp-json\/wp\/v2\/pages"}],"about":[{"href":"http:\/\/agrovivienda.com\/esp\/wp-json\/wp\/v2\/types\/page"}],"author":[{"embeddable":true,"href":"http:\/\/agrovivienda.com\/esp\/wp-json\/wp\/v2\/users\/1"}],"replies":[{"embeddable":true,"href":"http:\/\/agrovivienda.com\/esp\/wp-json\/wp\/v2\/comments?post=6"}],"version-history":[{"count":8,"href":"http:\/\/agrovivienda.com\/esp\/wp-json\/wp\/v2\/pages\/6\/revisions"}],"predecessor-version":[{"id":580,"href":"http:\/\/agrovivienda.com\/esp\/wp-json\/wp\/v2\/pages\/6\/revisions\/580"}],"wp:attachment":[{"href":"http:\/\/agrovivienda.com\/esp\/wp-json\/wp\/v2\/media?parent=6"}],"curies":[{"name":"wp","href":"https:\/\/api.w.org\/{rel}","templated":true}]}}